{"id":9,"date":"2017-07-29T15:09:47","date_gmt":"2017-07-29T19:09:47","guid":{"rendered":"http:\/\/constantinpoindexter.com\/blog\/?page_id=9"},"modified":"2026-02-05T17:20:27","modified_gmt":"2026-02-05T22:20:27","slug":"about","status":"publish","type":"page","link":"https:\/\/constantinpoindexter.com\/blog\/about\/","title":{"rendered":"About"},"content":{"rendered":"<p>Soy fundador y pasado Presidente de <a href=\"https:\/\/SuretyOne.com\" target=\"_blank\" rel=\"noopener\">SuretyOne.com<\/a>, una corredur\u00eda de seguros que especializa en el \u00e1mbito afianzador.\u00a0 Actualmente, soy &#8220;Chairman&#8221; y CEO de <a href=\"https:\/\/JanusAssuranceRe.com\" target=\"_blank\" rel=\"noopener\">Janus Assurance Re<\/a>, una compa\u00f1\u00eda de seguros domiciliado en la Rep\u00fablica Dominicana, y directivo del grupo de empresas internacionales &#8220;Poindexter Surety Group&#8221;. In the summer of 2025, I completed and published my book <em>The Contractor&#8217;s Guide to Surety Bonds: A Primer on Contract Surety Bonding for Construction Professionals<\/em>. I am particularly proud of this contribution to the insurance profession and very grateful should you choose to purchase a copy. \ud83d\ude42 It is available at <a href=\"https:\/\/www.barnesandnoble.com\/w\/the-contractors-guide-to-surety-bonds-c-constantin-poindexter\/1148092491\" target=\"_blank\" rel=\"noopener\">Barnes &amp; Noble<\/a> and also on <a href=\"https:\/\/www.amazon.com\/Contractors-Guide-Surety-Bonds-Professionals-ebook\/dp\/B0FNCN19M9\" target=\"_blank\" rel=\"noopener\">Amazon<\/a>.<\/p>\n<p>I am a former operator in the U.S. Intelligence Community, counterintelligence and counterinsurgency specialties. I hold a Master&#8217;s Degree in Intelligence Studies, Graduate and Undergraduate Certificates in Counterintelligence, and a CISA-approved certificate in OSINT.<\/p>\n<p>Dominico-americano, cibae\u00f1o, abogado, francmas\u00f3n, pap\u00e1, hermano, hijo leal, benefactor, algo irreverente y anti-compar\u00f3n. Seis de mis siete vidas he ya vivido pero espero siempre el pr\u00f3ximo cap\u00edtulo.<\/p>\n<p>~ <a href=\"https:\/\/www.linkedin.com\/in\/constantinpoindexter?lipi=urn%3Ali%3Apage%3Ad_flagship3_profile_view_base_contact_details%3ByYgUDNHATKq8qDgr9PBAog%3D%3D\" target=\"_blank\" rel=\"noopener\">C. Constantin Poindexter, MA, JD, CPCU, ASLI, AFSB, ARe, AINS, AIS<\/a><\/p>\n\n\n<p><\/p>\n","protected":false},"excerpt":{"rendered":"<p>Soy fundador y pasado Presidente de SuretyOne.com, una corredur\u00eda de seguros que especializa en el \u00e1mbito afianzador.\u00a0 Actualmente, soy &#8220;Chairman&#8221; y CEO de Janus Assurance Re, una compa\u00f1\u00eda de seguros domiciliado en la Rep\u00fablica Dominicana, y directivo del grupo de empresas internacionales &#8220;Poindexter Surety Group&#8221;. In the summer of 2025, I completed and published my &hellip; <\/p>\n<p class=\"link-more\"><a href=\"https:\/\/constantinpoindexter.com\/blog\/about\/\" class=\"more-link\">Continue reading<span class=\"screen-reader-text\"> &#8220;About&#8221;<\/span><\/a><\/p>\n","protected":false},"author":2,"featured_media":0,"parent":0,"menu_order":0,"comment_status":"closed","ping_status":"closed","template":"","meta":{"footnotes":""},"class_list":["post-9","page","type-page","status-publish","hentry"],"aioseo_notices":[],"rttpg_featured_image_url":null,"rttpg_author":{"display_name":"C. Constantin Poindexter","author_link":"https:\/\/constantinpoindexter.com\/blog\/author\/constantin-poindexter\/"},"rttpg_comment":0,"rttpg_category":null,"rttpg_excerpt":"Soy fundador y pasado Presidente de SuretyOne.com, una corredur\u00eda de seguros que especializa en el \u00e1mbito afianzador.\u00a0 Actualmente, soy &#8220;Chairman&#8221; y CEO de Janus Assurance Re, una compa\u00f1\u00eda de seguros domiciliado en la Rep\u00fablica Dominicana, y directivo del grupo de empresas internacionales &#8220;Poindexter Surety Group&#8221;. In the summer of 2025, I completed and published my&hellip;","_links":{"self":[{"href":"https:\/\/constantinpoindexter.com\/blog\/wp-json\/wp\/v2\/pages\/9","targetHints":{"allow":["GET"]}}],"collection":[{"href":"https:\/\/constantinpoindexter.com\/blog\/wp-json\/wp\/v2\/pages"}],"about":[{"href":"https:\/\/constantinpoindexter.com\/blog\/wp-json\/wp\/v2\/types\/page"}],"author":[{"embeddable":true,"href":"https:\/\/constantinpoindexter.com\/blog\/wp-json\/wp\/v2\/users\/2"}],"replies":[{"embeddable":true,"href":"https:\/\/constantinpoindexter.com\/blog\/wp-json\/wp\/v2\/comments?post=9"}],"version-history":[{"count":7,"href":"https:\/\/constantinpoindexter.com\/blog\/wp-json\/wp\/v2\/pages\/9\/revisions"}],"predecessor-version":[{"id":628,"href":"https:\/\/constantinpoindexter.com\/blog\/wp-json\/wp\/v2\/pages\/9\/revisions\/628"}],"wp:attachment":[{"href":"https:\/\/constantinpoindexter.com\/blog\/wp-json\/wp\/v2\/media?parent=9"}],"curies":[{"name":"wp","href":"https:\/\/api.w.org\/{rel}","templated":true}]}}